(n) = n**3 + 9*n**2 - 2. Let y be l(-9). Let c = o + y. List the prime factors of c.
3
Let a = 2 + -3. Let s be (1 + -1 + a)*0. Suppose s = -0*i - 5*i + 35. List the prime factors of i.
7
Suppose 34 - 142 = -4*l. What are the prime factors of l?
3
Let c(l) = l**2 + 6*l - 5. Let u be c(-7). Suppose 7*i - 3*i - 12 = 0. Suppose -u*r + 2*b = -2*b - 48, -i*b - 29 = -r. List the prime factors of r.
2, 7
Let k(l) = 3 + 5*l**3 - 4*l**3 - 3*l**2 + 0*l**2 + l**2. List the prime factors of k(3).
2, 3
Suppose 3*o = y - 0*y + 258, 0 = 4*y. Suppose 2*c + 3*b - 55 = 0, -4*c + 2*b + 0*b = -o. List the prime factors of c.
23
Let s(a) = 2*a - 5 + 4*a - 4*a. Let z be s(4). List the prime factors of (-2)/(-2) + 3/z.
2
Suppose -2 = -r - 0, -3*r = -5*q + 24. Suppose 1 = 2*f + 5. Let l = q - f. What are the prime factors of l?
2
Let u = 119 + -82. List the prime factors of u.
37
What are the prime factors of -1 + -6*(-6 + 1)?
29
Let l(d) = d**3 + 6*d**2 + 3*d. Suppose -4*t - 8 = -4*u, -4 = -3*t + t. Suppose -3*n + 3*o - u = 2, -3*o = 0. What are the prime factors of l(n)?
2, 5
Let m = -19 - -281. List the prime factors of m.
2, 131
Let h(y) = -y**2 - 3*y + 1. Let c be h(1). Let x(r) be the first derivative of r**3/3 - 3*r**2/2 - 1. List the prime factors of x(c).
2, 3
Let n = 0 - 0. Let l be (-16)/(-40) - (1 - (-39)/(-15)). Suppose l*v + 8 - 20 = n. What are the prime factors of v?
2, 3
Let r(p) = 2*p - 11. What are the prime factors of r(7)?
3
Let d(u) = 109*u + 3. List the prime factors of d(3).
2, 3, 5, 11
Let l be (-37)/(-7) - (-6)/(-21). Suppose -4*x = x + l. What are the prime factors of x/((-3)/18) - 2?
2
Let b(n) = -n**3 - 13*n**2 - 2*n - 19. Let u be b(-13). Suppose 0 = 6*c - u*c + 25. List the prime factors of c.
5
Suppose t = 32 + 7. List the prime factors of t.
3, 13
Let w = 422 + -281. List the prime factors of w.
3, 47
Let v = 100 - 95. Suppose -3*m + 6*m - 15 = 0. Suppose v*o - 91 = 2*g, o - g - 5 = -m*g. List the prime factors of o.
17
Let h = 1046 - 693. List the prime factors of h.
353
Let a be (1 + 14)*(-8)/12. List the prime factors of (-1 + a/(-4))*12.
2, 3
Let b = 13 + -9. Suppose 40 = v + b*v. What are the prime factors of v?
2
Suppose 3*u - 13 = b, -2*u + 2*b = -u - 6. Suppose 7 = -2*l + 3*l - u*n, 3*l - 5*n = 7. What are the prime factors of 1/(3/((-21)/l))?
7
Let p be (12/10)/((-18)/(-420)). Suppose 0 = 2*s + 2*w + w - 12, -s + 4*w = -p. What are the prime factors of s?
2, 3
Suppose -2*c - 3*y - 23 = -0*c, 2*c = -2*y - 22. Let x(z) = -z**2 - 12*z - 8. What are the prime factors of x(c)?
2, 3
Suppose 9*u + 0*u - 783 = 0. List the prime factors of u.
3, 29
Suppose 2*i - 3 - 1 = -3*w, 2*w - 4*i - 8 = 0. List the prime factors of w.
2
Let q(b) = -b**3 + 2*b**2 + 3*b + 4. Let z be q(3). Suppose -f = -2*d + 25, -d - 5*f + 11 = -z*f. What are the prime factors of d?
2, 3
Let c be (45/(-27))/((-2)/(-18)). List the prime factors of (1/3)/((-1)/c).
5
Let s(v) = v - 2. Let y be s(4). Suppose 0 = -2*t + 4*x + 2, -x + 10 - 3 = y*t. Suppose 2*p = -3*z + 16, 2*p - t*z - 16 = -8*z. List the prime factors of p.
2
List the prime factors of (1 - (-1)/(-1)) + 14 + 13.
3
Suppose 4*i + 56 = 4*y, -4*i + 79 = y + 4*y. Let k(d) = d**3 - 4*d**2 + 3*d + 4. Let l be k(3). Suppose y = -n + l*n. List the prime factors of n.
5
What are the prime factors of (8 - 1)/((-2)/(-6))?
3, 7
Let o(u) = -u + 2. Let d be o(-8). Let r = 28 - d. What are the prime factors of r?
2, 3
Let u = 3 - 0. Suppose -g + 8 = u*g. Suppose k = -2*j - g*j - 12, -4*j - 20 = 0. What are the prime factors of k?
2
Let x = 0 + 4. Let d = 40 + -12. List the prime factors of ((-2)/x)/((-2)/d).
7
List the prime factors of -6*4/(-6) - -97.
101
Let x be -5 + 1 - (4 - 5). What are the prime factors of 10 + (-2 + 0 - x)?
11
Let z = 195 - 91. List the prime factors of z.
2, 13
Suppose j + j + 4 = 0. Let b(m) = -2*m - 1. Let n be b(j). Suppose 0 = -n*v + 12 + 15. What are the prime factors of v?
3
What are the prime factors of ((-171)/(-27))/(2/18)?
3, 19
Suppose b + 72 = 3*b. Suppose -r - 2*r = -b. What are the prime factors of r?
2, 3
Let g(o) = o - 12. Let m be g(9). Let i be (7/m)/(1/6). List the prime factors of 2*i/(-8)*2.
7
Let p(c) = -c**2 - 5*c + 6. Let a(k) = -k**3 + 9*k**2 - k + 4. Let r be a(9). What are the prime factors of p(r)?
2, 3
Let g = 231 + -96. List the prime factors of g.
3, 5
Let x be -56 - (-2 + 5 - 2). Let m = x - -37. Let d = 34 + m. What are the prime factors of d?
2, 7
Let d(b) = -b**2 - 6*b - 1. Suppose 2*x + x = 24. Let f be 6/(-6*2/x). List the prime factors of d(f).
7
Let w(y) = -3*y - 23. Let x(o) = -2*o - 15. Let p(q) = -5*w(q) + 7*x(q). Let l be p(-5). Suppose -l*c - 4 + 74 = 0. What are the prime factors of c?
2, 7
Let s = -640 + 931. Let p = s - 163. List the prime factors of (-14)/49 - p/(-7).
2, 3
Let k(y) = -2*y**2 + 5*y - 3. Let w be k(3). Let x(r) = r**2 + 3*r + 5. Let f be x(w). Let s = -12 + f. What are the prime factors of s?
11
Let u = 154 - 72. List the prime factors of u.
2, 41
Let i(n) be the second derivative of 1/6*n**4 + 1/3*n**3 - n + 0 + 3/2*n**2. List the prime factors of i(-2).
7
Let f(o) = o**3 - 12*o**2 + 10*o + 15. Let q be f(11). What are the prime factors of q/3*(-9)/(-1)?
2, 3
Let v(g) be the second derivative of -g**3/6 - 2*g**2 - 3*g. List the prime factors of v(-6).
2
Let d be (-3)/(-2)*(3 - 1). Suppose 18 = d*m - 9. What are the prime factors of m?
3
Let b(g) = g**2 - 4*g + 14. List the prime factors of b(13).
131
Suppose 2*c + 10 = 2*a, -3*c + 6 = 2*a - 4. Suppose c*v = 3*v - 12. What are the prime factors of v?
2
Let d(x) be the third derivative of x**6/60 - x**5/60 + x**4/24 + x**3/2 + 6*x**2. What are the prime factors of d(3)?
3, 17
Let m be ((-1)/(-2))/((-1)/4). List the prime factors of (-3)/((-1)/(-6)*m).
3
Let x(g) = g**3 - 5*g**2 - g - 5. Let t be x(5). List the prime factors of 77/5 - (-4)/t.
3, 5
Suppose 0 = 4*q + 2*x + 92, -15 - 11 = 2*q - 4*x. Suppose g - 2*r = r - 26, 0 = g - 4*r + 24. Let t = q - g. What are the prime factors of t?
11
Suppose 2*c - 6*c - 124 = 0. Let t = -18 - c. Let n = t - 4. What are the prime factors of n?
3
Let w(l) = 30*l**2 + 4*l - 7. Let i be w(-7). Suppose -215 - i = -4*p - 2*x, -3*x = -p + 395. What are the prime factors of 2/7 + p/35?
2, 3
Let x = -27 - -43. List the prime factors of x.
2
Let o be (-3)/1 + (-27)/(-3). Let q(u) = -u**3 + 5*u**2 + 7*u - 5. Let l be q(o). List the prime factors of l/(-3) - (-26)/6.
2
Let f(u) = -u**2 + 18*u - 27. Let v be f(16). Let w = -55 - -79. Suppose -v*d = -d - w. What are the prime factors of d?
2, 3
Let c = -1 + -2. Let l = -1 - c. List the prime factors of l.
2
Let h be ((-12)/2)/(8/(-12)). Let t = h - 1. List the prime factors of t.
2
Suppose -2*g + 82 = -3*a - 37, -5*a - 176 = -3*g. Suppose -5*b - g = -4*z, 3*z + 29 = 5*z - b. What are the prime factors of z?
13
Let h(v) = 4*v + 2 - 7*v - 5 - 1. Let a be h(-3). Suppose 0 = -a*y + 3 + 12. List the prime factors of y.
3
Suppose -t + 4 = -u - 4*u, 3*u = 3*t. Let g(m) = 11*m**2 - 2*m - 1. What are the prime factors of g(t)?
2, 3
Suppose -4*s + 127 = -221. List the prime factors of s.
3, 29
Suppose 3*a - 186 = -r + 8*a, 427 = 2*r + a. What are the prime factors of r?
211
Let b(v) = v**2 + 11*v - 26. List the prime factors of b(6).
2, 19
Let s = -6 + 6. What are the prime factors of (-3 - (s - 1)) + 6?
2
Suppose -3*j - 15 = 4*w, -5*w - 39 - 3 = -4*j. Let a be 4/(-6)*(-9)/w. Let p(z) = -12*z**3 - 1. What are the prime factors of p(a)?
11
What are the prime factors of -2 - -44 - 3/(-1)?
3, 5
Suppose 15*o = 10*o + 195. What are the prime factors of o?
3, 13
Suppose -4*r = y - 4 - 0, 2*y - 4 = -4*r. Suppose -6*n + 8*n - 24 = y. List the prime factors of n.
2, 3
Suppose 384 = 3*q + 3*x, -5*q - 4*x + 551 = -88. Suppose -8 = -5*k + q. What are the prime factors of k?
3
Suppose -24 = -4*k - k + 4*j, k + 3*j = 1. Let i(w) = 10*w + 5. Let z be i(k). Suppose 0 = 4*l + l - z. List the prime factors of l.
3
Suppose 0 = 5*z + 3 - 18, -34 = -s - 4*z. What are the prime factors of s?
2, 11
What are the prime factors of 8/20 - (-136)/10?
2, 7
Let l be 3/(-9) - (-150)/18. Suppose 0 = l*t - 3*t + 2*f - 174, -4*f + 110 = 3*t. What are the prime factors of t?
2, 17
Let d(k) = -8*k - 2. List the prime factors of d(-4).
2, 3, 5
Let n(p